at is the remainder when u is divided by -32*(-2 - (-1 - 0))?
29
Let m = -47 - -47. Suppose m = -2*p + u + 10 + 6, 4*p = -3*u + 12. Calculate the remainder when p is divided by 2.
0
Let t be (-3)/(-1) + -5 + -1 + 3. Suppose y - 4 = -t. Calculate the remainder when 23 is divided by y.
3
Let l(p) = -p**2 - 10*p - 16. Let c be l(-7). Suppose -4*g - 12 - 17 = -z, 0 = -3*z - c*g + 70. What is the remainder when z is divided by 13?
12
Let h be (-1)/(1/(-10)) - -2. What is the remainder when 110 is divided by 46/((h/(-9))/((-4)/6))?
18
Let p = -370 + 374. Let t(h) = h + 5*h**2 - h**2 - 8*h + 6. What is the remainder when t(p) is divided by 15?
12
Let b(m) = m**3 - 7*m**2 + 4. Let k be b(7). Suppose 52 + 26 = 4*f - 3*x, 3*f - k*x = 62. What is the remainder when 31 is divided by f?
13
Let h(o) = 49*o**2 - o + 4. Let z be h(-3). Calculate the remainder when z/40*10/4 is divided by 6.
4
Let i = -2150 - -2168. What is the remainder when 1654 is divided by i?
16
Let v(x) = -x**2 - 2*x - 9. Let f be v(0). Let t = f - -57. Calculate the remainder when t is divided by 7.
6
Suppose -7*l + 16*l = 351. Calculate the remainder when 84 is divided by l.
6
Suppose -2*d + 4*t = 72, d + 5*t = 4*d + 109. Let l(z) = -z**2 - 14*z + 10. Calculate the remainder when (5 - 6)/(2/d) is divided by l(-14).
9
Suppose -11*i + 297 = -55. Calculate the remainder when 89 is divided by i.
25
Suppose 0 = 17*a - 57*a + 4480. What is the remainder when 1003 is divided by a?
107
Suppose -4*y + 12 = 4*x, -4*y - 4*x = -3*y. Let d = 37 - y. What is the remainder when 162 is divided by d?
30
Suppose 200 = 5*w - 5*p, 6*p - 8*p = -3*w + 115. Suppose 2*h - 228 = -5*k, 0 = 4*k + 2*h - 127 - 55. What is the remainder when k is divided by w?
11
Suppose 7*l - 44 = 5*l. Let k = l - 15. What is the remainder when 17 is divided by k?
3
Let r(j) = j**3 + j**2 + 8*j - 3. Let t = 14 + -11. What is the remainder when r(t) is divided by 20?
17
Let a = 25 + -22. Suppose -a*b + 39 + 9 = 0. Calculate the remainder when 47 is divided by b.
15
Let p = 7 + 33. Calculate the remainder when p is divided by 22.
18
Suppose 4*x = -16 + 24. Suppose -x*u + 6*u - 16 = 0. Calculate the remainder when 19 is divided by u.
3
Suppose -4 = -3*t + 5*t. Let o = -2 - t. Let y(m) = m + 25. What is the remainder when 97 is divided by y(o)?
22
Let c = 226 + -156. Calculate the remainder when 132 is divided by c.
62
Suppose -5 = -m, -4*m - m + 34 = 3*a. Let g = a - 1. Suppose -g*n - n = -114. Calculate the remainder when n is divided by 13.
12
Suppose -v - 3 + 6 = 0. Suppose -v*m - m + 77 = -5*j, -3*m + 19 = 4*j. Suppose t - 17 = 7. What is the remainder when t is divided by m?
11
Suppose x + 1 = 0, -7*m + 5*m = 3*x - 31. Calculate the remainder when 63 is divided by m.
12
Let u = -322 + 385. Calculate the remainder when 372 is divided by u.
57
Suppose 6*z - 3*z = 87. Suppose 10 = 2*f - 6. Suppose 6*q = f*q - 20. Calculate the remainder when z is divided by q.
9
Let n = -2 + 27. Suppose 0 = s + 4*s - n. What is the remainder when (((-40)/12)/(-5))/(1/21) is divided by s?
4
Let t = 176 + -150. Calculate the remainder when 74 is divided by t.
22
Suppose 2*p - 658 = 4*l, 3*p - 666 = p + 2*l. Suppose 5*a + 4*g - p = 0, 6*a + 59 = 7*a - 2*g. What is the remainder when a is divided by 17?
14
Let x(j) = j**3 + 34*j**2 + 33*j + 34. What is the remainder when 202 is divided by x(-33)?
32
Let s(g) = 4*g**3 + 6*g**2 - 2*g - 20. Calculate the remainder when s(5) is divided by 125.
120
Let f = 207 + -146. Let g = 150 + -60. Calculate the remainder when f is divided by (42/(-5))/((-36)/g).
19
What is the remainder when 246 is divided by 1 + (-12)/14 - 2181/(-21)?
38
Suppose -3*z + 3 = -39. What is the remainder when 39 is divided by z?
11
Let t = 35 + -12. Suppose -24 = -28*f + 25*f. Suppose 0 = -2*j - f, p = -4*p + 5*j + 80. What is the remainder when t is divided by p?
11
Suppose 4*p - 4 - 2 = -2*t, -2*t = -4*p - 6. Suppose -6*h = -0*h + 30. Let l(i) = i + 8. What is the remainder when l(h) is divided by t?
0
Let y(v) = -4*v**2 - 3*v + 15*v + 3*v**2 + 19. Let x be y(13). Suppose -4*a = -x*a + 62. What is the remainder when a is divided by 11?
9
Suppose 0 = -23*w + 16*w + 105. Suppose -3*d + 33 = -w. What is the remainder when 61 is divided by d?
13
Suppose -103 = -15*f - 13. Suppose -f*w + 82 = 10. Calculate the remainder when w is divided by 8.
4
Let s be -7*(0 + -2 + 0). Let g = 15 + 10. Let q = g - s. Calculate the remainder when 31 is divided by q.
9
Let x(q) = 12*q - 7. What is the remainder when x(2) is divided by (48/(-18))/((-1)/3)?
1
Let a = 2716 + -473. Calculate the remainder when a is divided by 12.
11
Let l(m) = -11*m - 31. Let g(f) = -5*f - 15. Suppose -39 = 4*q - 3. Let a(n) = q*g(n) + 4*l(n). What is the remainder when a(9) is divided by 7?
6
Let t = 206 - 211. Let j(x) = -x**2 + 6. Let n(r) = -2*r**2 + 12. Let q(o) = 5*j(o) - 3*n(o). Calculate the remainder when 56 is divided by q(t).
18
What is the remainder when 928 is divided by (-7 - (-32)/4)*62?
60
Let m = 67 + -65. Suppose -4*a + m*a + 60 = 0. Suppose -2*n - n = -33. What is the remainder when a is divided by n?
8
Calculate the remainder when (-43)/(-6 - 424/(-72)) is divided by 65.
62
Let s(p) be the second derivative of -p**4/12 - p**3/6 + p**2/2 - 3*p. Let z be s(-2). Calculate the remainder when 69 is divided by (-3 - z)/(1/(-12)).
21
Suppose -64 = -2*x + 4*k, 0 = x - 2*k + 4*k - 44. Let b = x + -26. What is the remainder when 4 is divided by ((-4)/(-16) - 0)*b?
1
Let s be 4/(-8)*2 + 127. Suppose 3*b - 4*l = 188, b = 3*b - 3*l - s. What is the remainder when b is divided by 17?
9
Let w(p) = 2*p**3 - p**2 - p + 2. Let n be w(1). Let q(c) = 38*c + 2. Calculate the remainder when q(n) is divided by 20.
18
Suppose -1011 = -24*k + 357. Let t be (-117)/6 - 1/2. Let l = t + 35. Calculate the remainder when k is divided by l.
12
What is the remainder when 66 is divided by (1 - (0 - 1))/((-48)/(-600))?
16
Let m = -903 + 979. What is the remainder when 233 is divided by m?
5
Let m(c) = c**3 + 8*c**2 + c + 4. Suppose w = -2*y - 11, 3*y + 12 = w - 2. What is the remainder when m(y) is divided by 19?
17
What is the remainder when (2 - -89) + 35/7 is divided by 45?
6
Suppose 5*g + 25 = 0, 2*y - 5*g = 7*y - 120. What is the remainder when 317 is divided by y?
27
Let g(d) = -15*d + 339. Let y(w) = 34*w - 2. What is the remainder when y(6) is divided by g(18)?
64
What is the remainder when 2638/16 - (-5 + 156/32) is divided by 24?
21
Suppose 3029 = 26*z - 2041. What is the remainder when z is divided by 163?
32
Let x be ((-24)/(-14))/((-11)/(-462)). Calculate the remainder when (0/2 - -36) + -1 is divided by ((-7)/(-14))/(2/x).
17
Suppose i - 9 = -2*i. Suppose -4*n = -2*n + 5*z - 13, 0 = -i*n + z + 28. Suppose -2*x - 3*x = -130. What is the remainder when x is divided by n?
8
Let n = 560 - -100. Let o = -441 + n. Calculate the remainder when o is divided by 37.
34
Suppose -2*y - 5*x + 235 = 0, y - 3*x - 115 = -6*x. Calculate the remainder when y is divided by 20.
10
Let y be (-1)/3 + (-312)/(-18). Suppose -2*r = -3 - y. Calculate the remainder when 19 is divided by 318/30 - (-4)/r.
8
Suppose -s = -5*t + 7108, 7*s = -2*t + 10*s + 2838. What is the remainder when t is divided by 31?
27
Suppose 0*k - 104 = -4*k. Let i = -668 + 956. Calculate the remainder when k is divided by i/40 + (-2)/10.
5
Let n(q) = 43*q**2 + 26*q + 77. Calculate the remainder when n(-4) is divided by 37.
32
Let u be 65/(-4)*(-14 - -10). Suppose 5*v = -3*h + 12, 4*h = 3*v - 20 + u. Calculate the remainder when 6/h - (-633)/9 is divided by 18.
17
Let q = -1005 + 1052. What is the remainder when 845 is divided by q?
46
Suppose 239 + 101 = 5*x. Suppose -4*l = -5*r - 137, 4*l - 9 = 3. Let j = r + x. What is the remainder when j is divided by 15?
13
Let k(z) = z**2 + 7*z - 5. Let w = -26 + 18. Let m be k(w). What is the remainder when m/(-4)*(-43 - 1) is divided by 12?
9
Let f be -25*8/(-48) + 2/(-12). Suppose -5*b + 115 = 2*l + 2*l, 2*b = f*l + 46. Calculate the remainder when b is divided by 6.
5
Let r = 88 + -34. What is the remainder when 323 is divided by r?
53
Let t(l) = l**3 - 10*l**2 + 10*l. Let f be t(9). Suppose -137 = -f*j - 2. What is the remainder when 37 is divided by j?
7
Let p(w) = 10*w**2 + 3*w - 1